{"id":5400,"date":"2020-08-31T08:25:35","date_gmt":"2020-08-31T08:25:35","guid":{"rendered":"https:\/\/interreg-core.eu\/aviso-legal\/"},"modified":"2020-08-31T08:25:35","modified_gmt":"2020-08-31T08:25:35","slug":"aviso-legal","status":"publish","type":"page","link":"https:\/\/interreg-core.eu\/eu\/aviso-legal\/","title":{"rendered":"Aviso legal"},"content":{"rendered":"<div class=\"flex_column av_one_full  flex_column_div av-zero-column-padding first  avia-builder-el-0  avia-builder-el-no-sibling  \" style='border-radius:0px; '><section class=\"av_textblock_section \"  itemscope=\"itemscope\" itemtype=\"https:\/\/schema.org\/CreativeWork\" ><div class='avia_textblock  '   itemprop=\"text\" ><h4>INFORMACI\u00d3N GENERAL<\/h4>\n<p>Esta p\u00e1gina web (en adelante &#8220;Sitio Web&#8221;) es propiedad de:<\/p>\n<ul>\n<li>Raz\u00f3n social: Ayuntamiento de Pamplona<\/li>\n<li>CIF: P3120100G<\/li>\n<li>Direcci\u00f3n: Plaza Consistorial, s\/n \u2013 31001 PAMPLONA (Navarra)<\/li>\n<li>Web: www.interreg-core.eu<\/li>\n<\/ul>\n<h4>CONTENIDO<\/h4>\n<p>El Ayuntamiento de Pamplona y los socios del proyecto, a trav\u00e9s de este Sitio Web, facilitan datos de inter\u00e9s acerca del proyecto Core. Esta informaci\u00f3n es la vigente en el momento de su publicaci\u00f3n 1\/09\/2020.<\/p>\n<p>El Ayuntamiento de Pamplona y los socios del proyecto prestan especial atenci\u00f3n a que la informaci\u00f3n del sitio web sea exacta y precisa, procediendo a su actualizaci\u00f3n de forma peri\u00f3dica y corrigiendo los errores tan pronto como estos hayan sido detectados. Con todo, no puede garantizarse que la informaci\u00f3n est\u00e9 actualizada y la inexistencia de errores en todo momento.<\/p>\n<p>La informaci\u00f3n publicada en este sitio web tiene \u00fanicamente car\u00e1cter informativo y no constituye una comunicaci\u00f3n de actos administrativos ni comunicados oficiales. Estos \u00faltimos ser\u00e1n notificados por los canales oficiales legalmente establecidos a tal efecto.<\/p>\n<h4>T\u00c9RMINOS Y CONDICIONES<\/h4>\n<p>El acceso a este Sitio Web y a cualquiera de sus p\u00e1ginas supone conocer y aceptar las advertencias legales, condiciones y t\u00e9rminos de uso que figuran a continuaci\u00f3n:<\/p>\n<ul>\n<li>El acceso a este portal web, as\u00ed como el uso de la informaci\u00f3n que contiene, son de la exclusiva responsabilidad del usuario. El Ayuntamiento de Pamplona no es responsable de ning\u00fan perjuicio que pudiera derivarse de estos hechos, ni tampoco puede garantizar que el acceso no se vea interrumpido o que el contenido o software al que pueda accederse est\u00e9 libre de error o de causar da\u00f1o.<\/li>\n<li>El Ayuntamiento de Pamplona se reserva el derecho a realizar los cambios que procedan sin previo aviso, al objeto de actualizar, modificar o eliminar la informaci\u00f3n, y a realizar cuantos cambios y modificaciones estime pertinentes sobre el Sitio Web.<\/li>\n<li>El Ayuntamiento de Pamplona se reserva la facultad de modificar unilateralmente las condiciones y t\u00e9rminos de uso de este Sitio Web. Cualquier modificaci\u00f3n de los mismos se anunciar\u00e1 convenientemente a trav\u00e9s de esta p\u00e1gina, y ser\u00e1 efectiva desde el momento de su publicaci\u00f3n.<\/li>\n<\/ul>\n<p><strong>Uso L\u00edcito:<\/strong><\/p>\n<p>El usuario se compromete a utilizar esta p\u00e1gina sin incurrir en actividades que puedan ser consideradas il\u00edcitas o ilegales, que infrinjan los derechos del Ayuntamiento de Pamplona o de terceros, o que puedan da\u00f1ar, inutilizar, sobrecargar o deteriorar el Sitio Web o impedir la normal utilizaci\u00f3n del mismo. En concreto y sin car\u00e1cter taxativo, queda prohibido:<\/p>\n<ul>\n<li>Cualquier forma de violaci\u00f3n de los derechos de terceros (derecho a la intimidad y a la propia imagen, derechos de propiedad intelectual e industrial, etc.).<\/li>\n<li>Realizar, empleando los contenidos de este Sitio Web, cualquier tipo de publicidad como env\u00edo de correos electr\u00f3nicos no solicitados (spam) o comunicaci\u00f3n similar.<\/li>\n<li>Introducir virus inform\u00e1ticos, archivos defectuosos, o cualquier otro software o programa inform\u00e1tico que pueda provocar da\u00f1os o alteraciones no autorizadas de los contenidos o sistemas accesibles a trav\u00e9s de este Sitio Web.<\/li>\n<\/ul>\n<p>El usuario deber\u00e1 abstenerse de obtener los contenidos utilizando para ello medios o procedimientos distintos de los que se hayan puesto a su disposici\u00f3n a este efecto, se hayan indicado en este Sitio Web o se empleen habitualmente en Internet y, en este \u00faltimo caso, siempre que no entra\u00f1en un riesgo de da\u00f1o o inutilizaci\u00f3n del Sitio Web y sus contenidos.<\/p>\n<h4>RESPONSABILIDAD<\/h4>\n<p>El usuario ser\u00e1 el \u00fanico responsable de las infracciones en que pueda incurrir o de los perjuicios que se puedan causar a terceros por la indebida e ileg\u00edtima utilizaci\u00f3n de este Sitio Web.<\/p>\n<p>El Ayuntamiento de Pamplona no ser\u00e1 responsable de los posibles da\u00f1os o perjuicios que se pudieran derivar de interferencias, omisiones, interrupciones, virus inform\u00e1ticos, aver\u00edas telef\u00f3nicas o desconexiones en el funcionamiento operativo de este sistema electr\u00f3nico, motivadas por causas ajenas al Ayuntamiento de Pamplona, de retrasos o bloqueos en el uso del presente sistema electr\u00f3nico causados por deficiencias o sobrecargas de l\u00edneas telef\u00f3nicas, sobrecargas en el sistema de Internet o en otros sistemas electr\u00f3nicos.<\/p>\n<p>El Ayuntamiento de Pamplona se exime de responsabilidad en cuanto a las &#8220;cookies&#8221; que terceros ajenos pudieran instalar en el disco duro del ordenador del usuario, as\u00ed como de los errores tipogr\u00e1ficos o inexactitudes que pudieran apreciarse en los contenidos de su Sitio Web.<\/p>\n<p>La informaci\u00f3n que el Ayuntamiento de Pamplona o cualquiera de los socios proporcionen en respuesta a cualquier consulta o petici\u00f3n de informaci\u00f3n solicitada por los medios establecidos a tal efecto (formularios de consulta, etc.) tiene car\u00e1cter meramente orientativo y en ning\u00fan caso resultar\u00e1 vinculante para la resoluci\u00f3n de los procedimientos administrativos, los cuales se hallan estrictamente sujetos a las normas legales o reglamentarias que les sean de aplicaci\u00f3n.<\/p>\n<h4>MEDIDAS DE SEGURIDAD<\/h4>\n<p>Las medidas de seguridad adoptadas por el Ayuntamiento de Pamplona son aquellas requeridas, de conformidad con lo establecido en el art\u00edculo 32 del RGPD. En este sentido, el Ayuntamiento de Pamplona, teniendo en cuenta el estado de la t\u00e9cnica, los costes de aplicaci\u00f3n y la naturaleza, el alcance, el contexto y los fines del tratamiento, as\u00ed como los riesgos de probabilidad y gravedad variables para los derechos y las libertades de las personas f\u00edsicas, tiene establecidas las medidas t\u00e9cnicas y organizativas apropiadas para garantizar el nivel de seguridad adecuado al riesgo existente.<\/p>\n<p>En todo caso, el Ayuntamiento de Pamplona tiene implementados los mecanismos suficientes para:<\/p>\n<ul>\n<li>Garantizar la confidencialidad, integridad, disponibilidad y resiliencia permanentes de los sistemas y servicios de tratamiento.<\/li>\n<li>Restaurar la disponibilidad y el acceso a los datos personales de forma r\u00e1pida, en caso de incidente f\u00edsico o t\u00e9cnico.<\/li>\n<li>Verificar, evaluar y valorar, de forma regular, la eficacia de las medidas t\u00e9cnicas y organizativas implantadas para garantizar la seguridad del tratamiento.<\/li>\n<li>Seudonimizar y cifrar los datos personales, en su caso.<\/li>\n<\/ul>\n<h4>PROPIEDAD INTELECTUAL<\/h4>\n<p>El dise\u00f1o de este portal Web y sus c\u00f3digos fuente, los logos, marcas, etc. pertenecen a interreg-core, salvo expresa indicaci\u00f3n de titularidad diferente, y est\u00e1n protegidos por los correspondientes derechos de propiedad intelectual e industrial. Su uso, reproducci\u00f3n, distribuci\u00f3n, comunicaci\u00f3n p\u00fablica, transformaci\u00f3n o cualquier otra actividad similar o an\u00e1loga, queda totalmente prohibida salvo que medie autorizaci\u00f3n expresa.<\/p>\n<h4>RECOGIDA DE DATOS DE MENORES<\/h4>\n<p>El Ayuntamiento de Pamplona no autoriza a los menores de 14 a\u00f1os a facilitar sus datos personales, ya sea mediante la cumplimentaci\u00f3n de los formularios web habilitados para la solicitud de servicios, los formularios de contacto, o mediante el env\u00edo de correos electr\u00f3nicos.<\/p>\n<\/div><\/section><\/div>\n","protected":false},"excerpt":{"rendered":"","protected":false},"author":7,"featured_media":0,"parent":0,"menu_order":0,"comment_status":"closed","ping_status":"closed","template":"","meta":{"footnotes":""},"class_list":["post-5400","page","type-page","status-publish","hentry"],"yoast_head":"<!-- This site is optimized with the Yoast SEO plugin v27.4 - https:\/\/yoast.com\/product\/yoast-seo-wordpress\/ -->\n<title>Aviso legal - Interreg | Core<\/title>\n<meta name=\"robots\" content=\"index, follow, max-snippet:-1, max-image-preview:large, max-video-preview:-1\" \/>\n<link rel=\"canonical\" href=\"https:\/\/interreg-core.eu\/eu\/aviso-legal\/\" \/>\n<meta property=\"og:locale\" content=\"eu_ES\" \/>\n<meta property=\"og:type\" content=\"article\" \/>\n<meta property=\"og:title\" content=\"Aviso legal - Interreg | Core\" \/>\n<meta property=\"og:url\" content=\"https:\/\/interreg-core.eu\/eu\/aviso-legal\/\" \/>\n<meta property=\"og:site_name\" content=\"Interreg | Core\" \/>\n<meta name=\"twitter:card\" content=\"summary_large_image\" \/>\n<meta name=\"twitter:label1\" content=\"Est. reading time\" \/>\n\t<meta name=\"twitter:data1\" content=\"6 minutes\" \/>\n<script type=\"application\/ld+json\" class=\"yoast-schema-graph\">{\"@context\":\"https:\\\/\\\/schema.org\",\"@graph\":[{\"@type\":\"WebPage\",\"@id\":\"https:\\\/\\\/interreg-core.eu\\\/eu\\\/aviso-legal\\\/\",\"url\":\"https:\\\/\\\/interreg-core.eu\\\/eu\\\/aviso-legal\\\/\",\"name\":\"Aviso legal - Interreg | Core\",\"isPartOf\":{\"@id\":\"https:\\\/\\\/interreg-core.eu\\\/eu\\\/#website\"},\"datePublished\":\"2020-08-31T08:25:35+00:00\",\"breadcrumb\":{\"@id\":\"https:\\\/\\\/interreg-core.eu\\\/eu\\\/aviso-legal\\\/#breadcrumb\"},\"inLanguage\":\"eu-ES\",\"potentialAction\":[{\"@type\":\"ReadAction\",\"target\":[\"https:\\\/\\\/interreg-core.eu\\\/eu\\\/aviso-legal\\\/\"]}]},{\"@type\":\"BreadcrumbList\",\"@id\":\"https:\\\/\\\/interreg-core.eu\\\/eu\\\/aviso-legal\\\/#breadcrumb\",\"itemListElement\":[{\"@type\":\"ListItem\",\"position\":1,\"name\":\"Portada\",\"item\":\"https:\\\/\\\/interreg-core.eu\\\/eu\\\/\"},{\"@type\":\"ListItem\",\"position\":2,\"name\":\"Aviso legal\"}]},{\"@type\":\"WebSite\",\"@id\":\"https:\\\/\\\/interreg-core.eu\\\/eu\\\/#website\",\"url\":\"https:\\\/\\\/interreg-core.eu\\\/eu\\\/\",\"name\":\"Interreg | Core\",\"description\":\"Interreg | Core\",\"potentialAction\":[{\"@type\":\"SearchAction\",\"target\":{\"@type\":\"EntryPoint\",\"urlTemplate\":\"https:\\\/\\\/interreg-core.eu\\\/eu\\\/?s={search_term_string}\"},\"query-input\":{\"@type\":\"PropertyValueSpecification\",\"valueRequired\":true,\"valueName\":\"search_term_string\"}}],\"inLanguage\":\"eu-ES\"}]}<\/script>\n<!-- \/ Yoast SEO plugin. -->","yoast_head_json":{"title":"Aviso legal - Interreg | Core","robots":{"index":"index","follow":"follow","max-snippet":"max-snippet:-1","max-image-preview":"max-image-preview:large","max-video-preview":"max-video-preview:-1"},"canonical":"https:\/\/interreg-core.eu\/eu\/aviso-legal\/","og_locale":"eu_ES","og_type":"article","og_title":"Aviso legal - Interreg | Core","og_url":"https:\/\/interreg-core.eu\/eu\/aviso-legal\/","og_site_name":"Interreg | Core","twitter_card":"summary_large_image","twitter_misc":{"Est. reading time":"6 minutes"},"schema":{"@context":"https:\/\/schema.org","@graph":[{"@type":"WebPage","@id":"https:\/\/interreg-core.eu\/eu\/aviso-legal\/","url":"https:\/\/interreg-core.eu\/eu\/aviso-legal\/","name":"Aviso legal - Interreg | Core","isPartOf":{"@id":"https:\/\/interreg-core.eu\/eu\/#website"},"datePublished":"2020-08-31T08:25:35+00:00","breadcrumb":{"@id":"https:\/\/interreg-core.eu\/eu\/aviso-legal\/#breadcrumb"},"inLanguage":"eu-ES","potentialAction":[{"@type":"ReadAction","target":["https:\/\/interreg-core.eu\/eu\/aviso-legal\/"]}]},{"@type":"BreadcrumbList","@id":"https:\/\/interreg-core.eu\/eu\/aviso-legal\/#breadcrumb","itemListElement":[{"@type":"ListItem","position":1,"name":"Portada","item":"https:\/\/interreg-core.eu\/eu\/"},{"@type":"ListItem","position":2,"name":"Aviso legal"}]},{"@type":"WebSite","@id":"https:\/\/interreg-core.eu\/eu\/#website","url":"https:\/\/interreg-core.eu\/eu\/","name":"Interreg | Core","description":"Interreg | Core","potentialAction":[{"@type":"SearchAction","target":{"@type":"EntryPoint","urlTemplate":"https:\/\/interreg-core.eu\/eu\/?s={search_term_string}"},"query-input":{"@type":"PropertyValueSpecification","valueRequired":true,"valueName":"search_term_string"}}],"inLanguage":"eu-ES"}]}},"_links":{"self":[{"href":"https:\/\/interreg-core.eu\/eu\/wp-json\/wp\/v2\/pages\/5400","targetHints":{"allow":["GET"]}}],"collection":[{"href":"https:\/\/interreg-core.eu\/eu\/wp-json\/wp\/v2\/pages"}],"about":[{"href":"https:\/\/interreg-core.eu\/eu\/wp-json\/wp\/v2\/types\/page"}],"author":[{"embeddable":true,"href":"https:\/\/interreg-core.eu\/eu\/wp-json\/wp\/v2\/users\/7"}],"replies":[{"embeddable":true,"href":"https:\/\/interreg-core.eu\/eu\/wp-json\/wp\/v2\/comments?post=5400"}],"version-history":[{"count":0,"href":"https:\/\/interreg-core.eu\/eu\/wp-json\/wp\/v2\/pages\/5400\/revisions"}],"wp:attachment":[{"href":"https:\/\/interreg-core.eu\/eu\/wp-json\/wp\/v2\/media?parent=5400"}],"curies":[{"name":"wp","href":"https:\/\/api.w.org\/{rel}","templated":true}]}}

<div class="flex_column av_one_full  flex_column_div av-zero-column-padding first  avia-builder-el-0  avia-builder-el-no-sibling  " style='border-radius:0px; '><section class="av_textblock_section "  itemscope="itemscope" itemtype="https://schema.org/CreativeWork" ><div class='avia_textblock  '   itemprop="text" ><h4>INFORMACIÓN GENERAL</h4>
<p>Esta página web (en adelante &#8220;Sitio Web&#8221;) es propiedad de:</p>
<ul>
<li>Razón social: Ayuntamiento de Pamplona</li>
<li>CIF: P3120100G</li>
<li>Dirección: Plaza Consistorial, s/n – 31001 PAMPLONA (Navarra)</li>
<li>Web: www.interreg-core.eu</li>
</ul>
<h4>CONTENIDO</h4>
<p>El Ayuntamiento de Pamplona y los socios del proyecto, a través de este Sitio Web, facilitan datos de interés acerca del proyecto Core. Esta información es la vigente en el momento de su publicación 1/09/2020.</p>
<p>El Ayuntamiento de Pamplona y los socios del proyecto prestan especial atención a que la información del sitio web sea exacta y precisa, procediendo a su actualización de forma periódica y corrigiendo los errores tan pronto como estos hayan sido detectados. Con todo, no puede garantizarse que la información esté actualizada y la inexistencia de errores en todo momento.</p>
<p>La información publicada en este sitio web tiene únicamente carácter informativo y no constituye una comunicación de actos administrativos ni comunicados oficiales. Estos últimos serán notificados por los canales oficiales legalmente establecidos a tal efecto.</p>
<h4>TÉRMINOS Y CONDICIONES</h4>
<p>El acceso a este Sitio Web y a cualquiera de sus páginas supone conocer y aceptar las advertencias legales, condiciones y términos de uso que figuran a continuación:</p>
<ul>
<li>El acceso a este portal web, así como el uso de la información que contiene, son de la exclusiva responsabilidad del usuario. El Ayuntamiento de Pamplona no es responsable de ningún perjuicio que pudiera derivarse de estos hechos, ni tampoco puede garantizar que el acceso no se vea interrumpido o que el contenido o software al que pueda accederse esté libre de error o de causar daño.</li>
<li>El Ayuntamiento de Pamplona se reserva el derecho a realizar los cambios que procedan sin previo aviso, al objeto de actualizar, modificar o eliminar la información, y a realizar cuantos cambios y modificaciones estime pertinentes sobre el Sitio Web.</li>
<li>El Ayuntamiento de Pamplona se reserva la facultad de modificar unilateralmente las condiciones y términos de uso de este Sitio Web. Cualquier modificación de los mismos se anunciará convenientemente a través de esta página, y será efectiva desde el momento de su publicación.</li>
</ul>
<p><strong>Uso Lícito:</strong></p>
<p>El usuario se compromete a utilizar esta página sin incurrir en actividades que puedan ser consideradas ilícitas o ilegales, que infrinjan los derechos del Ayuntamiento de Pamplona o de terceros, o que puedan dañar, inutilizar, sobrecargar o deteriorar el Sitio Web o impedir la normal utilización del mismo. En concreto y sin carácter taxativo, queda prohibido:</p>
<ul>
<li>Cualquier forma de violación de los derechos de terceros (derecho a la intimidad y a la propia imagen, derechos de propiedad intelectual e industrial, etc.).</li>
<li>Realizar, empleando los contenidos de este Sitio Web, cualquier tipo de publicidad como envío de correos electrónicos no solicitados (spam) o comunicación similar.</li>
<li>Introducir virus informáticos, archivos defectuosos, o cualquier otro software o programa informático que pueda provocar daños o alteraciones no autorizadas de los contenidos o sistemas accesibles a través de este Sitio Web.</li>
</ul>
<p>El usuario deberá abstenerse de obtener los contenidos utilizando para ello medios o procedimientos distintos de los que se hayan puesto a su disposición a este efecto, se hayan indicado en este Sitio Web o se empleen habitualmente en Internet y, en este último caso, siempre que no entrañen un riesgo de daño o inutilización del Sitio Web y sus contenidos.</p>
<h4>RESPONSABILIDAD</h4>
<p>El usuario será el único responsable de las infracciones en que pueda incurrir o de los perjuicios que se puedan causar a terceros por la indebida e ilegítima utilización de este Sitio Web.</p>
<p>El Ayuntamiento de Pamplona no será responsable de los posibles daños o perjuicios que se pudieran derivar de interferencias, omisiones, interrupciones, virus informáticos, averías telefónicas o desconexiones en el funcionamiento operativo de este sistema electrónico, motivadas por causas ajenas al Ayuntamiento de Pamplona, de retrasos o bloqueos en el uso del presente sistema electrónico causados por deficiencias o sobrecargas de líneas telefónicas, sobrecargas en el sistema de Internet o en otros sistemas electrónicos.</p>
<p>El Ayuntamiento de Pamplona se exime de responsabilidad en cuanto a las &#8220;cookies&#8221; que terceros ajenos pudieran instalar en el disco duro del ordenador del usuario, así como de los errores tipográficos o inexactitudes que pudieran apreciarse en los contenidos de su Sitio Web.</p>
<p>La información que el Ayuntamiento de Pamplona o cualquiera de los socios proporcionen en respuesta a cualquier consulta o petición de información solicitada por los medios establecidos a tal efecto (formularios de consulta, etc.) tiene carácter meramente orientativo y en ningún caso resultará vinculante para la resolución de los procedimientos administrativos, los cuales se hallan estrictamente sujetos a las normas legales o reglamentarias que les sean de aplicación.</p>
<h4>MEDIDAS DE SEGURIDAD</h4>
<p>Las medidas de seguridad adoptadas por el Ayuntamiento de Pamplona son aquellas requeridas, de conformidad con lo establecido en el artículo 32 del RGPD. En este sentido, el Ayuntamiento de Pamplona, teniendo en cuenta el estado de la técnica, los costes de aplicación y la naturaleza, el alcance, el contexto y los fines del tratamiento, así como los riesgos de probabilidad y gravedad variables para los derechos y las libertades de las personas físicas, tiene establecidas las medidas técnicas y organizativas apropiadas para garantizar el nivel de seguridad adecuado al riesgo existente.</p>
<p>En todo caso, el Ayuntamiento de Pamplona tiene implementados los mecanismos suficientes para:</p>
<ul>
<li>Garantizar la confidencialidad, integridad, disponibilidad y resiliencia permanentes de los sistemas y servicios de tratamiento.</li>
<li>Restaurar la disponibilidad y el acceso a los datos personales de forma rápida, en caso de incidente físico o técnico.</li>
<li>Verificar, evaluar y valorar, de forma regular, la eficacia de las medidas técnicas y organizativas implantadas para garantizar la seguridad del tratamiento.</li>
<li>Seudonimizar y cifrar los datos personales, en su caso.</li>
</ul>
<h4>PROPIEDAD INTELECTUAL</h4>
<p>El diseño de este portal Web y sus códigos fuente, los logos, marcas, etc. pertenecen a interreg-core, salvo expresa indicación de titularidad diferente, y están protegidos por los correspondientes derechos de propiedad intelectual e industrial. Su uso, reproducción, distribución, comunicación pública, transformación o cualquier otra actividad similar o análoga, queda totalmente prohibida salvo que medie autorización expresa.</p>
<h4>RECOGIDA DE DATOS DE MENORES</h4>
<p>El Ayuntamiento de Pamplona no autoriza a los menores de 14 años a facilitar sus datos personales, ya sea mediante la cumplimentación de los formularios web habilitados para la solicitud de servicios, los formularios de contacto, o mediante el envío de correos electrónicos.</p>
</div></section></div>
